{"id":4697,"date":"2024-09-03T11:43:49","date_gmt":"2024-09-03T09:43:49","guid":{"rendered":"https:\/\/lesphotosdelaetitia.com\/?page_id=4697"},"modified":"2025-06-25T21:03:06","modified_gmt":"2025-06-25T19:03:06","slug":"le-dressing-des-futures-mamans","status":"publish","type":"page","link":"https:\/\/lesphotosdelaetitia.com\/?page_id=4697","title":{"rendered":"Le dressing des futures mamans"},"content":{"rendered":"\n<p>Pour votre shooting grossesse, je mets \u00e0 votre disposition un dressing de robes de cr\u00e9ateurs, extensibles et pens\u00e9es pour sublimer chaque silhouette. Vous y trouverez aussi des voilages l\u00e9gers, ainsi que des accessoires d\u00e9licats comme des couronnes de fleurs ou diad\u00e8mes. <br>En voici un extrait, n\u2019h\u00e9sitez pas \u00e0 me dire ce qui vous fait envie \ud83d\ude42<\/p>\n\n\n\n<figure class=\"wp-block-gallery has-nested-images columns-default is-cropped wp-block-gallery-1 is-layout-flex wp-block-gallery-is-layout-flex\">\n<figure data-wp-context=\"{&quot;imageId&quot;:&quot;69e0bcf8068dc&quot;}\" data-wp-interactive=\"core\/image\" data-wp-key=\"69e0bcf8068dc\" class=\"wp-block-image size-full wp-lightbox-container\"><img loading=\"lazy\" decoding=\"async\" width=\"1707\" height=\"2560\" data-wp-class--hide=\"state.isContentHidden\" data-wp-class--show=\"state.isContentVisible\" data-wp-init=\"callbacks.setButtonStyles\" data-wp-on--click=\"actions.showLightbox\" data-wp-on--load=\"callbacks.setButtonStyles\" data-wp-on-window--resize=\"callbacks.setButtonStyles\" data-id=\"4694\" src=\"https:\/\/lesphotosdelaetitia.com\/wp-content\/uploads\/2024\/09\/Rose-scaled.avif\" alt=\"\" class=\"wp-image-4694\" srcset=\"https:\/\/lesphotosdelaetitia.com\/wp-content\/uploads\/2024\/09\/Rose-scaled.avif 1707w, https:\/\/lesphotosdelaetitia.com\/wp-content\/uploads\/2024\/09\/Rose-200x300.avif 200w, https:\/\/lesphotosdelaetitia.com\/wp-content\/uploads\/2024\/09\/Rose-683x1024.avif 683w, https:\/\/lesphotosdelaetitia.com\/wp-content\/uploads\/2024\/09\/Rose-768x1152.avif 768w, https:\/\/lesphotosdelaetitia.com\/wp-content\/uploads\/2024\/09\/Rose-1024x1536.avif 1024w, https:\/\/lesphotosdelaetitia.com\/wp-content\/uploads\/2024\/09\/Rose-1365x2048.avif 1365w\" sizes=\"auto, (max-width: 1707px) 100vw, 1707px\" \/><button\n\t\t\tclass=\"lightbox-trigger\"\n\t\t\ttype=\"button\"\n\t\t\taria-haspopup=\"dialog\"\n\t\t\taria-label=\"Agrandir\"\n\t\t\tdata-wp-init=\"callbacks.initTriggerButton\"\n\t\t\tdata-wp-on--click=\"actions.showLightbox\"\n\t\t\tdata-wp-style--right=\"state.imageButtonRight\"\n\t\t\tdata-wp-style--top=\"state.imageButtonTop\"\n\t\t>\n\t\t\t<svg xmlns=\"http:\/\/www.w3.org\/2000\/svg\" width=\"12\" height=\"12\" fill=\"none\" viewBox=\"0 0 12 12\">\n\t\t\t\t<path fill=\"#fff\" d=\"M2 0a2 2 0 0 0-2 2v2h1.5V2a.5.5 0 0 1 .5-.5h2V0H2Zm2 10.5H2a.5.5 0 0 1-.5-.5V8H0v2a2 2 0 0 0 2 2h2v-1.5ZM8 12v-1.5h2a.5.5 0 0 0 .5-.5V8H12v2a2 2 0 0 1-2 2H8Zm2-12a2 2 0 0 1 2 2v2h-1.5V2a.5.5 0 0 0-.5-.5H8V0h2Z\" \/>\n\t\t\t<\/svg>\n\t\t<\/button><figcaption class=\"wp-element-caption\">Robe rose avec manches longues en dentelle<\/figcaption><\/figure>\n\n\n\n<figure data-wp-context=\"{&quot;imageId&quot;:&quot;69e0bcf806d72&quot;}\" data-wp-interactive=\"core\/image\" data-wp-key=\"69e0bcf806d72\" class=\"wp-block-image size-full wp-lightbox-container\"><img loading=\"lazy\" decoding=\"async\" width=\"1707\" height=\"2560\" data-wp-class--hide=\"state.isContentHidden\" data-wp-class--show=\"state.isContentVisible\" data-wp-init=\"callbacks.setButtonStyles\" data-wp-on--click=\"actions.showLightbox\" data-wp-on--load=\"callbacks.setButtonStyles\" data-wp-on-window--resize=\"callbacks.setButtonStyles\" data-id=\"4551\" src=\"https:\/\/lesphotosdelaetitia.com\/wp-content\/uploads\/2024\/08\/SeanceGrossesseLola-1-scaled.avif\" alt=\"\" class=\"wp-image-4551\" srcset=\"https:\/\/lesphotosdelaetitia.com\/wp-content\/uploads\/2024\/08\/SeanceGrossesseLola-1-scaled.avif 1707w, https:\/\/lesphotosdelaetitia.com\/wp-content\/uploads\/2024\/08\/SeanceGrossesseLola-1-200x300.avif 200w, https:\/\/lesphotosdelaetitia.com\/wp-content\/uploads\/2024\/08\/SeanceGrossesseLola-1-683x1024.avif 683w, https:\/\/lesphotosdelaetitia.com\/wp-content\/uploads\/2024\/08\/SeanceGrossesseLola-1-768x1152.avif 768w, https:\/\/lesphotosdelaetitia.com\/wp-content\/uploads\/2024\/08\/SeanceGrossesseLola-1-1024x1536.avif 1024w, https:\/\/lesphotosdelaetitia.com\/wp-content\/uploads\/2024\/08\/SeanceGrossesseLola-1-1365x2048.avif 1365w\" sizes=\"auto, (max-width: 1707px) 100vw, 1707px\" \/><button\n\t\t\tclass=\"lightbox-trigger\"\n\t\t\ttype=\"button\"\n\t\t\taria-haspopup=\"dialog\"\n\t\t\taria-label=\"Agrandir\"\n\t\t\tdata-wp-init=\"callbacks.initTriggerButton\"\n\t\t\tdata-wp-on--click=\"actions.showLightbox\"\n\t\t\tdata-wp-style--right=\"state.imageButtonRight\"\n\t\t\tdata-wp-style--top=\"state.imageButtonTop\"\n\t\t>\n\t\t\t<svg xmlns=\"http:\/\/www.w3.org\/2000\/svg\" width=\"12\" height=\"12\" fill=\"none\" viewBox=\"0 0 12 12\">\n\t\t\t\t<path fill=\"#fff\" d=\"M2 0a2 2 0 0 0-2 2v2h1.5V2a.5.5 0 0 1 .5-.5h2V0H2Zm2 10.5H2a.5.5 0 0 1-.5-.5V8H0v2a2 2 0 0 0 2 2h2v-1.5ZM8 12v-1.5h2a.5.5 0 0 0 .5-.5V8H12v2a2 2 0 0 1-2 2H8Zm2-12a2 2 0 0 1 2 2v2h-1.5V2a.5.5 0 0 0-.5-.5H8V0h2Z\" \/>\n\t\t\t<\/svg>\n\t\t<\/button><figcaption class=\"wp-element-caption\">Robe tulle <\/figcaption><\/figure>\n\n\n\n<figure data-wp-context=\"{&quot;imageId&quot;:&quot;69e0bcf80715c&quot;}\" data-wp-interactive=\"core\/image\" data-wp-key=\"69e0bcf80715c\" class=\"wp-block-image size-full wp-lightbox-container\"><img loading=\"lazy\" decoding=\"async\" width=\"1200\" height=\"800\" data-wp-class--hide=\"state.isContentHidden\" data-wp-class--show=\"state.isContentVisible\" data-wp-init=\"callbacks.setButtonStyles\" data-wp-on--click=\"actions.showLightbox\" data-wp-on--load=\"callbacks.setButtonStyles\" data-wp-on-window--resize=\"callbacks.setButtonStyles\" data-id=\"4686\" src=\"https:\/\/lesphotosdelaetitia.com\/wp-content\/uploads\/2024\/09\/Blanche.jpg\" alt=\"\" class=\"wp-image-4686\" srcset=\"https:\/\/lesphotosdelaetitia.com\/wp-content\/uploads\/2024\/09\/Blanche.jpg 1200w, https:\/\/lesphotosdelaetitia.com\/wp-content\/uploads\/2024\/09\/Blanche-300x200.avif 300w, https:\/\/lesphotosdelaetitia.com\/wp-content\/uploads\/2024\/09\/Blanche-1024x683.avif 1024w, https:\/\/lesphotosdelaetitia.com\/wp-content\/uploads\/2024\/09\/Blanche-768x512.avif 768w\" sizes=\"auto, (max-width: 1200px) 100vw, 1200px\" \/><button\n\t\t\tclass=\"lightbox-trigger\"\n\t\t\ttype=\"button\"\n\t\t\taria-haspopup=\"dialog\"\n\t\t\taria-label=\"Agrandir\"\n\t\t\tdata-wp-init=\"callbacks.initTriggerButton\"\n\t\t\tdata-wp-on--click=\"actions.showLightbox\"\n\t\t\tdata-wp-style--right=\"state.imageButtonRight\"\n\t\t\tdata-wp-style--top=\"state.imageButtonTop\"\n\t\t>\n\t\t\t<svg xmlns=\"http:\/\/www.w3.org\/2000\/svg\" width=\"12\" height=\"12\" fill=\"none\" viewBox=\"0 0 12 12\">\n\t\t\t\t<path fill=\"#fff\" d=\"M2 0a2 2 0 0 0-2 2v2h1.5V2a.5.5 0 0 1 .5-.5h2V0H2Zm2 10.5H2a.5.5 0 0 1-.5-.5V8H0v2a2 2 0 0 0 2 2h2v-1.5ZM8 12v-1.5h2a.5.5 0 0 0 .5-.5V8H12v2a2 2 0 0 1-2 2H8Zm2-12a2 2 0 0 1 2 2v2h-1.5V2a.5.5 0 0 0-.5-.5H8V0h2Z\" \/>\n\t\t\t<\/svg>\n\t\t<\/button><figcaption class=\"wp-element-caption\">Robe blanche voilage <\/figcaption><\/figure>\n\n\n\n<figure data-wp-context=\"{&quot;imageId&quot;:&quot;69e0bcf80751e&quot;}\" data-wp-interactive=\"core\/image\" data-wp-key=\"69e0bcf80751e\" class=\"wp-block-image size-full wp-lightbox-container\"><img loading=\"lazy\" decoding=\"async\" width=\"800\" height=\"1200\" data-wp-class--hide=\"state.isContentHidden\" data-wp-class--show=\"state.isContentVisible\" data-wp-init=\"callbacks.setButtonStyles\" data-wp-on--click=\"actions.showLightbox\" data-wp-on--load=\"callbacks.setButtonStyles\" data-wp-on-window--resize=\"callbacks.setButtonStyles\" data-id=\"4688\" src=\"https:\/\/lesphotosdelaetitia.com\/wp-content\/uploads\/2024\/09\/Rouge.jpg\" alt=\"\" class=\"wp-image-4688\" srcset=\"https:\/\/lesphotosdelaetitia.com\/wp-content\/uploads\/2024\/09\/Rouge.jpg 800w, https:\/\/lesphotosdelaetitia.com\/wp-content\/uploads\/2024\/09\/Rouge-200x300.avif 200w, https:\/\/lesphotosdelaetitia.com\/wp-content\/uploads\/2024\/09\/Rouge-683x1024.avif 683w, https:\/\/lesphotosdelaetitia.com\/wp-content\/uploads\/2024\/09\/Rouge-768x1152.avif 768w\" sizes=\"auto, (max-width: 800px) 100vw, 800px\" \/><button\n\t\t\tclass=\"lightbox-trigger\"\n\t\t\ttype=\"button\"\n\t\t\taria-haspopup=\"dialog\"\n\t\t\taria-label=\"Agrandir\"\n\t\t\tdata-wp-init=\"callbacks.initTriggerButton\"\n\t\t\tdata-wp-on--click=\"actions.showLightbox\"\n\t\t\tdata-wp-style--right=\"state.imageButtonRight\"\n\t\t\tdata-wp-style--top=\"state.imageButtonTop\"\n\t\t>\n\t\t\t<svg xmlns=\"http:\/\/www.w3.org\/2000\/svg\" width=\"12\" height=\"12\" fill=\"none\" viewBox=\"0 0 12 12\">\n\t\t\t\t<path fill=\"#fff\" d=\"M2 0a2 2 0 0 0-2 2v2h1.5V2a.5.5 0 0 1 .5-.5h2V0H2Zm2 10.5H2a.5.5 0 0 1-.5-.5V8H0v2a2 2 0 0 0 2 2h2v-1.5ZM8 12v-1.5h2a.5.5 0 0 0 .5-.5V8H12v2a2 2 0 0 1-2 2H8Zm2-12a2 2 0 0 1 2 2v2h-1.5V2a.5.5 0 0 0-.5-.5H8V0h2Z\" \/>\n\t\t\t<\/svg>\n\t\t<\/button><figcaption class=\"wp-element-caption\">Robe rouge bordeaux col bateau<\/figcaption><\/figure>\n\n\n\n<figure data-wp-context=\"{&quot;imageId&quot;:&quot;69e0bcf8078bf&quot;}\" data-wp-interactive=\"core\/image\" data-wp-key=\"69e0bcf8078bf\" class=\"wp-block-image size-full wp-lightbox-container\"><img loading=\"lazy\" decoding=\"async\" width=\"800\" height=\"1200\" data-wp-class--hide=\"state.isContentHidden\" data-wp-class--show=\"state.isContentVisible\" data-wp-init=\"callbacks.setButtonStyles\" data-wp-on--click=\"actions.showLightbox\" data-wp-on--load=\"callbacks.setButtonStyles\" data-wp-on-window--resize=\"callbacks.setButtonStyles\" data-id=\"4687\" src=\"https:\/\/lesphotosdelaetitia.com\/wp-content\/uploads\/2024\/09\/Bleue.jpg\" alt=\"\" class=\"wp-image-4687\" srcset=\"https:\/\/lesphotosdelaetitia.com\/wp-content\/uploads\/2024\/09\/Bleue.jpg 800w, https:\/\/lesphotosdelaetitia.com\/wp-content\/uploads\/2024\/09\/Bleue-200x300.avif 200w, https:\/\/lesphotosdelaetitia.com\/wp-content\/uploads\/2024\/09\/Bleue-683x1024.avif 683w, https:\/\/lesphotosdelaetitia.com\/wp-content\/uploads\/2024\/09\/Bleue-768x1152.avif 768w\" sizes=\"auto, (max-width: 800px) 100vw, 800px\" \/><button\n\t\t\tclass=\"lightbox-trigger\"\n\t\t\ttype=\"button\"\n\t\t\taria-haspopup=\"dialog\"\n\t\t\taria-label=\"Agrandir\"\n\t\t\tdata-wp-init=\"callbacks.initTriggerButton\"\n\t\t\tdata-wp-on--click=\"actions.showLightbox\"\n\t\t\tdata-wp-style--right=\"state.imageButtonRight\"\n\t\t\tdata-wp-style--top=\"state.imageButtonTop\"\n\t\t>\n\t\t\t<svg xmlns=\"http:\/\/www.w3.org\/2000\/svg\" width=\"12\" height=\"12\" fill=\"none\" viewBox=\"0 0 12 12\">\n\t\t\t\t<path fill=\"#fff\" d=\"M2 0a2 2 0 0 0-2 2v2h1.5V2a.5.5 0 0 1 .5-.5h2V0H2Zm2 10.5H2a.5.5 0 0 1-.5-.5V8H0v2a2 2 0 0 0 2 2h2v-1.5ZM8 12v-1.5h2a.5.5 0 0 0 .5-.5V8H12v2a2 2 0 0 1-2 2H8Zm2-12a2 2 0 0 1 2 2v2h-1.5V2a.5.5 0 0 0-.5-.5H8V0h2Z\" \/>\n\t\t\t<\/svg>\n\t\t<\/button><figcaption class=\"wp-element-caption\">Robe bleu marine dentelle<\/figcaption><\/figure>\n\n\n\n<figure data-wp-context=\"{&quot;imageId&quot;:&quot;69e0bcf807c4d&quot;}\" data-wp-interactive=\"core\/image\" data-wp-key=\"69e0bcf807c4d\" class=\"wp-block-image size-full wp-lightbox-container\"><img loading=\"lazy\" decoding=\"async\" width=\"924\" height=\"1138\" data-wp-class--hide=\"state.isContentHidden\" data-wp-class--show=\"state.isContentVisible\" data-wp-init=\"callbacks.setButtonStyles\" data-wp-on--click=\"actions.showLightbox\" data-wp-on--load=\"callbacks.setButtonStyles\" data-wp-on-window--resize=\"callbacks.setButtonStyles\" data-id=\"4689\" src=\"https:\/\/lesphotosdelaetitia.com\/wp-content\/uploads\/2024\/09\/BeigeBoheme-1.jpg\" alt=\"\" class=\"wp-image-4689\" srcset=\"https:\/\/lesphotosdelaetitia.com\/wp-content\/uploads\/2024\/09\/BeigeBoheme-1.jpg 924w, https:\/\/lesphotosdelaetitia.com\/wp-content\/uploads\/2024\/09\/BeigeBoheme-1-244x300.avif 244w, https:\/\/lesphotosdelaetitia.com\/wp-content\/uploads\/2024\/09\/BeigeBoheme-1-831x1024.avif 831w, https:\/\/lesphotosdelaetitia.com\/wp-content\/uploads\/2024\/09\/BeigeBoheme-1-768x946.avif 768w\" sizes=\"auto, (max-width: 924px) 100vw, 924px\" \/><button\n\t\t\tclass=\"lightbox-trigger\"\n\t\t\ttype=\"button\"\n\t\t\taria-haspopup=\"dialog\"\n\t\t\taria-label=\"Agrandir\"\n\t\t\tdata-wp-init=\"callbacks.initTriggerButton\"\n\t\t\tdata-wp-on--click=\"actions.showLightbox\"\n\t\t\tdata-wp-style--right=\"state.imageButtonRight\"\n\t\t\tdata-wp-style--top=\"state.imageButtonTop\"\n\t\t>\n\t\t\t<svg xmlns=\"http:\/\/www.w3.org\/2000\/svg\" width=\"12\" height=\"12\" fill=\"none\" viewBox=\"0 0 12 12\">\n\t\t\t\t<path fill=\"#fff\" d=\"M2 0a2 2 0 0 0-2 2v2h1.5V2a.5.5 0 0 1 .5-.5h2V0H2Zm2 10.5H2a.5.5 0 0 1-.5-.5V8H0v2a2 2 0 0 0 2 2h2v-1.5ZM8 12v-1.5h2a.5.5 0 0 0 .5-.5V8H12v2a2 2 0 0 1-2 2H8Zm2-12a2 2 0 0 1 2 2v2h-1.5V2a.5.5 0 0 0-.5-.5H8V0h2Z\" \/>\n\t\t\t<\/svg>\n\t\t<\/button><figcaption class=\"wp-element-caption\">Robe boh\u00e8me ajour\u00e9e <\/figcaption><\/figure>\n\n\n\n<figure data-wp-context=\"{&quot;imageId&quot;:&quot;69e0bcf807fd4&quot;}\" data-wp-interactive=\"core\/image\" data-wp-key=\"69e0bcf807fd4\" class=\"wp-block-image size-full is-style-default wp-lightbox-container\"><img loading=\"lazy\" decoding=\"async\" width=\"1200\" height=\"800\" data-wp-class--hide=\"state.isContentHidden\" data-wp-class--show=\"state.isContentVisible\" data-wp-init=\"callbacks.setButtonStyles\" data-wp-on--click=\"actions.showLightbox\" data-wp-on--load=\"callbacks.setButtonStyles\" data-wp-on-window--resize=\"callbacks.setButtonStyles\" data-id=\"4693\" src=\"https:\/\/lesphotosdelaetitia.com\/wp-content\/uploads\/2024\/09\/Jaune.jpg\" alt=\"\" class=\"wp-image-4693\" srcset=\"https:\/\/lesphotosdelaetitia.com\/wp-content\/uploads\/2024\/09\/Jaune.jpg 1200w, https:\/\/lesphotosdelaetitia.com\/wp-content\/uploads\/2024\/09\/Jaune-300x200.avif 300w, https:\/\/lesphotosdelaetitia.com\/wp-content\/uploads\/2024\/09\/Jaune-1024x683.avif 1024w, https:\/\/lesphotosdelaetitia.com\/wp-content\/uploads\/2024\/09\/Jaune-768x512.avif 768w\" sizes=\"auto, (max-width: 1200px) 100vw, 1200px\" \/><button\n\t\t\tclass=\"lightbox-trigger\"\n\t\t\ttype=\"button\"\n\t\t\taria-haspopup=\"dialog\"\n\t\t\taria-label=\"Agrandir\"\n\t\t\tdata-wp-init=\"callbacks.initTriggerButton\"\n\t\t\tdata-wp-on--click=\"actions.showLightbox\"\n\t\t\tdata-wp-style--right=\"state.imageButtonRight\"\n\t\t\tdata-wp-style--top=\"state.imageButtonTop\"\n\t\t>\n\t\t\t<svg xmlns=\"http:\/\/www.w3.org\/2000\/svg\" width=\"12\" height=\"12\" fill=\"none\" viewBox=\"0 0 12 12\">\n\t\t\t\t<path fill=\"#fff\" d=\"M2 0a2 2 0 0 0-2 2v2h1.5V2a.5.5 0 0 1 .5-.5h2V0H2Zm2 10.5H2a.5.5 0 0 1-.5-.5V8H0v2a2 2 0 0 0 2 2h2v-1.5ZM8 12v-1.5h2a.5.5 0 0 0 .5-.5V8H12v2a2 2 0 0 1-2 2H8Zm2-12a2 2 0 0 1 2 2v2h-1.5V2a.5.5 0 0 0-.5-.5H8V0h2Z\" \/>\n\t\t\t<\/svg>\n\t\t<\/button><figcaption class=\"wp-element-caption\">Robe moutarde ouverte \u00e0 l&rsquo;avant <\/figcaption><\/figure>\n\n\n\n<figure data-wp-context=\"{&quot;imageId&quot;:&quot;69e0bcf808348&quot;}\" data-wp-interactive=\"core\/image\" data-wp-key=\"69e0bcf808348\" class=\"wp-block-image size-full wp-lightbox-container\"><img loading=\"lazy\" decoding=\"async\" width=\"519\" height=\"791\" data-wp-class--hide=\"state.isContentHidden\" data-wp-class--show=\"state.isContentVisible\" data-wp-init=\"callbacks.setButtonStyles\" data-wp-on--click=\"actions.showLightbox\" data-wp-on--load=\"callbacks.setButtonStyles\" data-wp-on-window--resize=\"callbacks.setButtonStyles\" data-id=\"4721\" src=\"https:\/\/lesphotosdelaetitia.com\/wp-content\/uploads\/2024\/09\/Marron.jpg\" alt=\"\" class=\"wp-image-4721\" srcset=\"https:\/\/lesphotosdelaetitia.com\/wp-content\/uploads\/2024\/09\/Marron.jpg 519w, https:\/\/lesphotosdelaetitia.com\/wp-content\/uploads\/2024\/09\/Marron-197x300.avif 197w\" sizes=\"auto, (max-width: 519px) 100vw, 519px\" \/><button\n\t\t\tclass=\"lightbox-trigger\"\n\t\t\ttype=\"button\"\n\t\t\taria-haspopup=\"dialog\"\n\t\t\taria-label=\"Agrandir\"\n\t\t\tdata-wp-init=\"callbacks.initTriggerButton\"\n\t\t\tdata-wp-on--click=\"actions.showLightbox\"\n\t\t\tdata-wp-style--right=\"state.imageButtonRight\"\n\t\t\tdata-wp-style--top=\"state.imageButtonTop\"\n\t\t>\n\t\t\t<svg xmlns=\"http:\/\/www.w3.org\/2000\/svg\" width=\"12\" height=\"12\" fill=\"none\" viewBox=\"0 0 12 12\">\n\t\t\t\t<path fill=\"#fff\" d=\"M2 0a2 2 0 0 0-2 2v2h1.5V2a.5.5 0 0 1 .5-.5h2V0H2Zm2 10.5H2a.5.5 0 0 1-.5-.5V8H0v2a2 2 0 0 0 2 2h2v-1.5ZM8 12v-1.5h2a.5.5 0 0 0 .5-.5V8H12v2a2 2 0 0 1-2 2H8Zm2-12a2 2 0 0 1 2 2v2h-1.5V2a.5.5 0 0 0-.5-.5H8V0h2Z\" \/>\n\t\t\t<\/svg>\n\t\t<\/button><figcaption class=\"wp-element-caption\">Robe marron chaude<\/figcaption><\/figure>\n\n\n\n<figure data-wp-context=\"{&quot;imageId&quot;:&quot;69e0bcf8086c4&quot;}\" data-wp-interactive=\"core\/image\" data-wp-key=\"69e0bcf8086c4\" class=\"wp-block-image size-full wp-lightbox-container\"><img loading=\"lazy\" decoding=\"async\" width=\"748\" height=\"992\" data-wp-class--hide=\"state.isContentHidden\" data-wp-class--show=\"state.isContentVisible\" data-wp-init=\"callbacks.setButtonStyles\" data-wp-on--click=\"actions.showLightbox\" data-wp-on--load=\"callbacks.setButtonStyles\" data-wp-on-window--resize=\"callbacks.setButtonStyles\" data-id=\"4695\" src=\"https:\/\/lesphotosdelaetitia.com\/wp-content\/uploads\/2024\/09\/Verte.jpg\" alt=\"\" class=\"wp-image-4695\" srcset=\"https:\/\/lesphotosdelaetitia.com\/wp-content\/uploads\/2024\/09\/Verte.jpg 748w, https:\/\/lesphotosdelaetitia.com\/wp-content\/uploads\/2024\/09\/Verte-226x300.avif 226w\" sizes=\"auto, (max-width: 748px) 100vw, 748px\" \/><button\n\t\t\tclass=\"lightbox-trigger\"\n\t\t\ttype=\"button\"\n\t\t\taria-haspopup=\"dialog\"\n\t\t\taria-label=\"Agrandir\"\n\t\t\tdata-wp-init=\"callbacks.initTriggerButton\"\n\t\t\tdata-wp-on--click=\"actions.showLightbox\"\n\t\t\tdata-wp-style--right=\"state.imageButtonRight\"\n\t\t\tdata-wp-style--top=\"state.imageButtonTop\"\n\t\t>\n\t\t\t<svg xmlns=\"http:\/\/www.w3.org\/2000\/svg\" width=\"12\" height=\"12\" fill=\"none\" viewBox=\"0 0 12 12\">\n\t\t\t\t<path fill=\"#fff\" d=\"M2 0a2 2 0 0 0-2 2v2h1.5V2a.5.5 0 0 1 .5-.5h2V0H2Zm2 10.5H2a.5.5 0 0 1-.5-.5V8H0v2a2 2 0 0 0 2 2h2v-1.5ZM8 12v-1.5h2a.5.5 0 0 0 .5-.5V8H12v2a2 2 0 0 1-2 2H8Zm2-12a2 2 0 0 1 2 2v2h-1.5V2a.5.5 0 0 0-.5-.5H8V0h2Z\" \/>\n\t\t\t<\/svg>\n\t\t<\/button><figcaption class=\"wp-element-caption\">Robe verte col bateau<\/figcaption><\/figure>\n<\/figure>\n","protected":false},"excerpt":{"rendered":"<p>Pour votre shooting grossesse, je mets \u00e0 votre disposition un dressing de robes de cr\u00e9ateurs, extensibles et pens\u00e9es pour sublimer chaque silhouette. Vous y trouverez aussi des voilages l\u00e9gers, ainsi que des accessoires d\u00e9licats comme des couronnes de fleurs ou diad\u00e8mes. En voici un extrait, n\u2019h\u00e9sitez pas \u00e0 me dire ce qui vous fait envie &#8230; <a title=\"Le dressing des futures mamans\" class=\"read-more\" href=\"https:\/\/lesphotosdelaetitia.com\/?page_id=4697\" aria-label=\"En savoir plus sur Le dressing des futures mamans\">Lire la suite<\/a><\/p>\n","protected":false},"author":2,"featured_media":0,"parent":0,"menu_order":0,"comment_status":"closed","ping_status":"closed","template":"","meta":{"footnotes":""},"class_list":["post-4697","page","type-page","status-publish"],"_links":{"self":[{"href":"https:\/\/lesphotosdelaetitia.com\/index.php?rest_route=\/wp\/v2\/pages\/4697","targetHints":{"allow":["GET"]}}],"collection":[{"href":"https:\/\/lesphotosdelaetitia.com\/index.php?rest_route=\/wp\/v2\/pages"}],"about":[{"href":"https:\/\/lesphotosdelaetitia.com\/index.php?rest_route=\/wp\/v2\/types\/page"}],"author":[{"embeddable":true,"href":"https:\/\/lesphotosdelaetitia.com\/index.php?rest_route=\/wp\/v2\/users\/2"}],"replies":[{"embeddable":true,"href":"https:\/\/lesphotosdelaetitia.com\/index.php?rest_route=%2Fwp%2Fv2%2Fcomments&post=4697"}],"version-history":[{"count":9,"href":"https:\/\/lesphotosdelaetitia.com\/index.php?rest_route=\/wp\/v2\/pages\/4697\/revisions"}],"predecessor-version":[{"id":5711,"href":"https:\/\/lesphotosdelaetitia.com\/index.php?rest_route=\/wp\/v2\/pages\/4697\/revisions\/5711"}],"wp:attachment":[{"href":"https:\/\/lesphotosdelaetitia.com\/index.php?rest_route=%2Fwp%2Fv2%2Fmedia&parent=4697"}],"curies":[{"name":"wp","href":"https:\/\/api.w.org\/{rel}","templated":true}]}}